{"id":20,"date":"2016-11-23T23:53:13","date_gmt":"2016-11-23T21:53:13","guid":{"rendered":"http:\/\/www.bafraozelguvenlik.com\/?page_id=20"},"modified":"2019-01-16T10:23:08","modified_gmt":"2019-01-16T07:23:08","slug":"hakkimizda","status":"publish","type":"page","link":"https:\/\/www.bafraozelguvenlik.com.tr\/index.php\/hakkimizda\/","title":{"rendered":"Hakk\u0131m\u0131zda"},"content":{"rendered":"<p><strong>Hizmet sekt\u00f6r\u00fcnde 13 y\u0131ll\u0131k tecr\u00fcbe ve birikime sahip olan Bafra \u00d6zel G\u00fcvenlik Ve E\u011fitim Hizmetleri Ltd. \u015eti. g\u00fcvenlik sekt\u00f6r\u00fcnde de hizmet vermeye ba\u015flam\u0131\u015ft\u0131r.<br \/>\n<\/strong><br \/>\n2004 y\u0131l\u0131nda 5188 say\u0131l\u0131 \u00f6zel g\u00fcvenlik hizmetlerine dair kanunun y\u00fcr\u00fcrl\u00fc\u011fe girmesiyle birlikte g\u00fcvenlik sekt\u00f6r\u00fcnde h\u0131zl\u0131 bir b\u00fcy\u00fcme kaydeden Bafra G\u00fcvenlik disiplinli d\u00fcr\u00fcst ilkeli se\u00e7kin ve e\u011fitimli personel tercihi ve kaliteli hizmet anlay\u0131\u015f\u0131 ile sekt\u00f6r\u00fcnde Karadeniz\u2019in en b\u00fcy\u00fck firmas\u0131 konumuna gelmi\u015ftir.<span style=\"color: #ff0000;\"> <strong>Samsun merkezli firmam\u0131z Samsun ve Bafrada \u015fubeler a\u00e7arak \u00d6zel G\u00fcvenlik E\u011fitimi ve \u015eirket faaliyetlerinde \u00e7al\u0131\u015fmas\u0131na devam etmektedir.<\/strong><\/span><\/p>\n<p>Kamu kurum ve kurulu\u015flar\u0131, her t\u00fcrl\u00fc i\u015fyeri, konut, tesis, plaza, site, depo, fabrika, hastane, okul, al\u0131\u015fveri\u015f merkezleri, tarihi yap\u0131lar, ticaret merkezleri, spor tesisleri ve a\u00e7\u0131k alanlarda 24 saat hizmet veren firmam\u0131z sekt\u00f6rle ilgili t\u00fcm teknolojik geli\u015fmeleri de yak\u0131ndan takip ederek ayn\u0131 zamanda da hizmetlerinde kullanmaktad\u0131r.<\/p>\n<p>Bafra G\u00fcvenlik ailesine kat\u0131lacak olan personeller referans sistemiyle titiz bir \u015fekilde se\u00e7ilip se\u00e7kin e\u011fitim kadromuzca e\u011fitimleri tamamlanarak i\u015f ba\u015f\u0131 yapt\u0131r\u0131lmaktad\u0131r.<\/p>\n<p><span style=\"color: #ff0000;\"><strong>\u0130\u015f al\u0131mlar\u0131nda \u00f6nceli\u011fimizi kendi kursiyerlerimize vermekteyiz.<\/strong><\/span><\/p>\n<p><span style=\"color: #00ccff;\">&#8220;G\u00fcvenli bir gelecek ve g\u00fcvenli bir d\u00fcnya i\u00e7in her zaman yan\u0131n\u0131zday\u0131z&#8230;&#8221;<\/span><\/p>\n","protected":false},"excerpt":{"rendered":"<p>Hizmet sekt\u00f6r\u00fcnde 13 y\u0131ll\u0131k tecr\u00fcbe ve birikime sahip olan Bafra \u00d6zel G\u00fcvenlik Ve E\u011fitim Hizmetleri Ltd. \u015eti. g\u00fcvenlik sekt\u00f6r\u00fcnde de hizmet vermeye ba\u015flam\u0131\u015ft\u0131r. 2004 y\u0131l\u0131nda 5188 say\u0131l\u0131 \u00f6zel g\u00fcvenlik hizmetlerine dair kanunun y\u00fcr\u00fcrl\u00fc\u011fe girmesiyle birlikte g\u00fcvenlik sekt\u00f6r\u00fcnde h\u0131zl\u0131 bir b\u00fcy\u00fcme kaydeden Bafra G\u00fcvenlik disiplinli d\u00fcr\u00fcst ilkeli se\u00e7kin ve e\u011fitimli personel tercihi ve kaliteli hizmet anlay\u0131\u015f\u0131 [&hellip;]<\/p>\n","protected":false},"author":1,"featured_media":0,"parent":0,"menu_order":0,"comment_status":"closed","ping_status":"closed","template":"","meta":[],"_links":{"self":[{"href":"https:\/\/www.bafraozelguvenlik.com.tr\/index.php\/wp-json\/wp\/v2\/pages\/20"}],"collection":[{"href":"https:\/\/www.bafraozelguvenlik.com.tr\/index.php\/wp-json\/wp\/v2\/pages"}],"about":[{"href":"https:\/\/www.bafraozelguvenlik.com.tr\/index.php\/wp-json\/wp\/v2\/types\/page"}],"author":[{"embeddable":true,"href":"https:\/\/www.bafraozelguvenlik.com.tr\/index.php\/wp-json\/wp\/v2\/users\/1"}],"replies":[{"embeddable":true,"href":"https:\/\/www.bafraozelguvenlik.com.tr\/index.php\/wp-json\/wp\/v2\/comments?post=20"}],"version-history":[{"count":2,"href":"https:\/\/www.bafraozelguvenlik.com.tr\/index.php\/wp-json\/wp\/v2\/pages\/20\/revisions"}],"predecessor-version":[{"id":136,"href":"https:\/\/www.bafraozelguvenlik.com.tr\/index.php\/wp-json\/wp\/v2\/pages\/20\/revisions\/136"}],"wp:attachment":[{"href":"https:\/\/www.bafraozelguvenlik.com.tr\/index.php\/wp-json\/wp\/v2\/media?parent=20"}],"curies":[{"name":"wp","href":"https:\/\/api.w.org\/{rel}","templated":true}]}}